e
Is 4895017 composite?
False
Is 7117411 composite?
True
Is 13065391 composite?
False
Is 1865791 prime?
True
Is 59996399 a composite number?
False
Is 13425517 prime?
False
Is 672719 a prime number?
False
Is 12364811 prime?
False
Is 8132263 composite?
True
Is 3066329 a prime number?
False
Is 622709 composite?
False
Is 872281 prime?
True
Is 1952633 composite?
True
Is 34663955 prime?
False
Is 9315029 prime?
True
Is 279821 composite?
True
Is 3988427 composite?
False
Is 2201099 prime?
True
Is 102078677 a prime number?
True
Is 11221883 a composite number?
False
Is 3168979 prime?
False
Is 610003921 a prime number?
True
Is 72345587 composite?
False
Is 6882373 a composite number?
False
Is 117685255 composite?
True
Is 17216977 composite?
True
Is 1191781 a prime number?
True
Is 2226019 prime?
True
Is 76339433 composite?
False
Is 111278749 a prime number?
True
Is 47628733 prime?
False
Is 6510697 prime?
True
Is 2912753 a prime number?
True
Is 1272109 a composite number?
False
Is 380135909 prime?
False
Is 24056429 a prime number?
True
Is 957989143 composite?
False
Is 27794951 prime?
True
Is 2084153 a prime number?
False
Is 44777695 prime?
False
Is 48730499 a composite number?
True
Is 5082046 composite?
True
Is 92505223 composite?
False
Is 2611685 prime?
False
Is 2920783 a composite number?
False
Is 400369187 prime?
True
Is 122767 a prime number?
False
Is 2952827 a prime number?
False
Is 74076371 composite?
True
Is 755509 composite?
False
Is 29487671 composite?
False
Is 1327897 composite?
True
Is 26658787 composite?
True
Is 44736259 prime?
False
Is 18417959 prime?
False
Is 90220001 a prime number?
True
Is 42703679 a composite number?
False
Is 3821089 a prime number?
False
Is 16746841 composite?
True
Is 422953 a composite number?
True
Is 2226277 a prime number?
False
Is 1075643 prime?
True
Is 2703755 composite?
True
Is 243125413 prime?
False
Is 479891 a composite number?
False
Is 24468953 a prime number?
False
Is 271810151 prime?
True
Is 124944857 composite?
False
Is 113379599 composite?
False
Is 63061961 composite?
False
Is 2246287 prime?
False
Is 35752153 a composite number?
True
Is 81597289 a prime number?
False
Is 14910781 a prime number?
False
Is 918405055 a prime number?
False
Is 13014739 composite?
False
Is 67624943 composite?
False
Is 217125371 a composite number?
False
Is 7263551 a composite number?
False
Is 52850729 a prime number?
True
Is 28791317 composite?
False
Is 24905381 prime?
False
Is 5006213 a prime number?
False
Is 30501509 composite?
False
Is 625013 a prime number?
False
Is 5768771 a prime number?
False
Is 3526273 composite?
False
Is 26730889 a composite number?
False
Is 1651753 a prime number?
False
Is 293348963 composite?
True
Is 32533363 a composite number?
True
Is 5352079 a composite number?
True
Is 10384307 composite?
False
Is 14799527 a composite number?
False
Is 82398091 a composite number?
False
Is 720730321 composite?
False
Is 3047477 a prime number?
False
Is 73325689 a composite number?
False
Is 101767469 prime?
True
Is 5382101 composite?
False
Is 5269837 composite?
True
Is 4307041 a prime number?
True
Is 71103831 composite?
True
Is 5222137 a composite number?
True
Is 116042666 prime?
False
Is 17724883 composite?
True
Is 10860539 a prime number?
True
Is 4109169 composite?
True
Is 100214587 a composite number?
True
Is 535043569 a prime number?
False
Is 4712117 composite?
False
Is 42031 prime?
False
Is 4515379 a composite number?
True
Is 89023139 a composite number?
False
Is 9182279 composite?
True
Is 559140403 composite?
False
Is 87943067 a prime number?
True
Is 2977361 a prime number?
True
Is 2454043 composite?
False
Is 2198269 prime?
True
Is 38499673 composite?
False
Is 6657437 a prime number?
True
Is 820873 composite?
False
Is 78002881 prime?
False
Is 57397691 a composite number?
True
Is 85740371 a composite number?
False
Is 150856831 a composite number?
False
Is 14259733 prime?
True
Is 37647151 a prime number?
False
Is 46447141 a composite number?
True
Is 9886937 composite?
False
Is 60841834 composite?
True
Is 82651291 a composite number?
True
Is 16413 a prime number?
False
Is 10461091 prime?
True
Is 237286657 prime?
True
Is 1138861 prime?
False
Is 28800173 a composite number?
True
Is 36049393 a composite number?
False
Is 937919 prime?
True
Is 108810847 prime?
True
Is 2345087 prime?
True
Is 58527745 a composite number?
True
Is 175699 a prime number?
True
Is 31554913 prime?
False
Is 7720429 a prime number?
True
Is 91450267 a prime number?
True
Is 2912279 a prime number?
False
Is 4207031 a prime number?
True
Is 3014161 a composite number?
True
Is 3888287 composite?
True
Is 49938377 a prime number?
False
Is 213515294 prime?
False
Is 336923 prime?
False
Is 1110937 composite?
True
Is 443093 a prime number?
False
Is 360667 a composite number?
True
Is 1473545221 composite?
False
Is 30955159 a composite number?
False
Is 36638141 a composite number?
False
Is 72749687 a prime number?
True
Is 8414531 a prime number?
True
Is 19839341 composite?
False
Is 23190719 prime?
True
Is 35379213 a composite number?
True
Is 78436987 a prime number?
True
Is 49287889 a prime number?
False
Is 936744007 composite?
False
Is 815614511 a composite number?
False
Is 4229689 composite?
False
Is 263265217 a composite number?
False
Is 152767 composite?
False
Is 1623673 a composite number?
True
Is 11487547 composite?
True
Is 962818 a composite number?
True
Is 8230231 a composite number?
True
Is 2274001 composite?
True
Is 6277069 a prime number?
False
Is 37227037 composite?
False
Is 4165927 a composite number?
False
Is 262134869 a composite number?
False
Is 13047214 prime?
False
Is 8074657 prime?
True
Is 1190777 prime?
False
Is 1043505895 a prime number?
False
Is 147897467 a prime number?
False
Is 11798089 a composite number?
True
Is 16851319 composite?
False
Is 269614 prime?
False
Is 465431 composite?
True
Is 1335277 composite?
False
Is 86831873 composite?
False
Is 11953141 a composite number?
True
Is 235307 composite?
False
Is 33502103 a prime number?
False
Is 670409 a composite number?
False
Is 47777 a composite number?
False
Is 786909689 composite?
True
Is 242467579 prime?
False
Is 2259079 a composite number?
True
Is 1596343 a prime number?
False
Is 9131863 a prime number?
False
Is 6562639 a composite number?
True
Is 21226339 composite?
True
Is 132920759 a composite number?
True
Is 3772909 prime?
False
Is 1210523 prime?
True
Is 14073097 a prime number?
True
Is 12615527 prime?
False
Is 22988071 prime?
True
Is 18793571 a prime number?
True
Is 17911315 composite?
True
Is 360725033 composite?
True
Is 313316909 a prime number?
True
Is 63092317 a composite number?
True
Is 70861601 a composite number?
True
Is 56148617 a prime number?
False
Is 8801251 a composite number?
True
Is 28991 composite?
True
Is 468757 composite?
True
Is 118414757 a prime number?
False
Is 155535899 a composite number?
False
Is 5060399 a prime number?
False
Is 1132843 a composite number?
True
Is 16433933 a composite number?
True
Is 470201 a prime number?
True
Is 7705651 a prime number?
True
Is 43213 a composite number?
True
Is 25672701 composite?
True
Is 38531011 a composite number?
False
Is 37965407 composite?
False
Is 13357493 prime?
True
Is 264463 a prime number?
True
Is 1086812971 prime?
True
Is 8019223 a prime number?
False
Is 160129913 composite?
True
Is 1678007 prime?
False
Is 347027 prime?
False
Is 368061031 prime?
False
Is 21273211 a prime number?
False
Is 91112705 a composite number?
True
Is 6067027 a prime number?
False
Is 11003003 a prime number?
False
Is 4781489 prime?
True
Is 16100549 composite?
False
Is 35605147 prime?
False
Is 93222977 a prime number?
True
Is 508111 a prime number?
False
Is 37745429 a prime number?
True
Is 3537683 composite?
True
Is 36191345 composite?
True
Is 32093585 a composite number?
True
Is 2081749 prime?
True
Is 672557 a composite number?
False
Is 1949567 a prime number?
False
Is 12431357 prime?
True
Is 80697439 a composite number?
False
Is 51214141 a prime number?
False
Is 2328133 composite?
True
Is 3454793 composite?
False
Is 315583319 prime?
True
Is 1304167 a prime number?
True
Is 2807369 a prime number?
True
Is 3666185 a prime number?
False
Is 12282659 a prime number?
True
Is 35928281 composite?
True
Is 40858771 a prime number?
True
Is 31221619